r?
False
Suppose -12 = 3*c, -5*d - 8*c + 13*c + 207915 = 0. Is d prime?
True
Suppose -6*g = -2*n - 182790, 5*g + n = 113693 + 38616. Is g a prime number?
False
Suppose 0 = 377*m - 370*m - 87395. Let t = m + -7014. Is t a composite number?
False
Let y = 21 - 13. Suppose 9*z - y = 7*z. Let a(t) = 26*t**3 + 5*t**2 + t + 9. Is a(z) composite?
True
Suppose -4*u + 3 = -x - 4*x, 0 = -3*x + u - 6. Let t be (-4)/(20/(-8175)) - x. Let n = -989 + t. Is n a prime number?
False
Is 493/(-29)*(1 - 5154) a prime number?
False
Is 2*((-4738)/(-103))/(4/5507) a composite number?
True
Is -10 + 5150 + 12 + -5 prime?
True
Is 77759 + (-3 - (-17 - 0)) a composite number?
False
Let d(u) = 3*u**2 - 10*u - 9. Let p be d(4). Let q be (1/(-3))/(2/12). Is (p - 0)/((-1113)/(-557) + q) a prime number?
True
Let w(m) = 3*m + 15. Let u be w(-4). Suppose 3080 = u*b + 722. Suppose -2*h + 3*d = -503, 5*h + d - 514 = b. Is h a composite number?
True
Is (689/(-52) - -13)/(15086/7544 + -2) prime?
False
Let z(l) = l**3 + 6*l**2 + 7*l + 1. Let u be z(-4). Suppose 2*b - 5878 = -0*b - 3*t, -u*b + 14695 = -t. Is b a prime number?
True
Suppose 11*o + 40 = 19*o. Suppose 4*j - o*f - 3912 = 0, 3*j + 3*f = -0*f + 2961. Is j composite?
False
Suppose -8*y + 14549128 = 80*y. Is y a prime number?
True
Suppose 12*u + 264 = 34*u. Is 39322/(-3)*u/(-8) a prime number?
True
Is 17*24/(-102) - (-338)/(-4)*-19366 composite?
False
Let w(v) = 60*v + 32. Let b be w(-13). Let h be b*2/(-8)*7. Suppose 6*z = -z + h. Is z a prime number?
False
Let x(z) = 13*z**2 + 2*z + 53. Let c(l) = 25*l**2 + 5*l + 107. Let q(p) = -6*c(p) + 13*x(p). Is q(11) composite?
True
Let g = -953 - -61822. Is g composite?
False
Suppose -4*u - 74 = 2*t, -161 = -25*t + 30*t + 2*u. Let m(x) = -151*x - 148. Is m(t) composite?
True
Let i be 141/21 - 18/(-63). Suppose -10 + i = -v. Is v composite?
False
Is (151 + 2 + -4)/((-14)/(-742)) composite?
True
Let i(d) = 1171*d + 1551. Is i(17) a composite number?
True
Suppose 29*x - 191925 - 94073 = 0. Is x a composite number?
True
Suppose -5*q - 1819074 = -2*o + 269340, 0 = 5*q + 40. Is o a prime number?
True
Suppose -886*r + 1201680 = -881*r - 5*h, 4*r = 5*h + 961343. Is r a prime number?
False
Suppose 5*v - 2*v = -2*d + 863, 0 = -v - 5. Let u = 345 - 497. Let a = u + d. Is a composite?
True
Let x(j) = j**3 - j**2 - 5*j + 2. Let t be x(3). Suppose 5*a + 0*a = -5*n - 10, 3*n = -4*a - 10. Is (t/n)/(4/16) a composite number?
True
Let o(i) = 5428*i - 2371. Is o(3) a composite number?
False
Suppose -z + 368*o + 1574061 = 372*o, 4722103 = 3*z + 2*o. Is z a composite number?
False
Let n = 502 - 499. Is n + 5 + -11 - -33460 a prime number?
True
Let d(m) = -m**3 - 7*m**2 - 11*m - 27. Let u be d(-6). Suppose -7 = -4*y - u*q, 6*y - q = y - 15. Is 11/y*(-143 + 9) composite?
True
Suppose 3*u - 144 = u. Suppose -b - 3*s + 192 + u = 0, s = 4*b - 1043. Let k = b - -1516. Is k a prime number?
True
Let o(t) = 3*t + 33. Let l be o(-11). Is (4049 - (l + 0)) + 21 + -21 prime?
True
Let y = 77874 - -429183. Is y a composite number?
True
Suppose 0 = -2*i + 4*p + 42 + 98, 2*i = p + 140. Let s = -40 + i. Suppose s*u - 35*u + 8285 = 0. Is u prime?
True
Let n(d) = -d + 4. Let t be n(-1). Is (-46)/t*(-25)/10 prime?
True
Suppose 7*w + 216524 = 4*v + 6*w, -32*w = 2*v - 108522. Is v a prime number?
True
Let r(l) = -58478*l + 59. Is r(-1) a composite number?
False
Let q(a) = -a**3 + 11*a**2 + 2*a - 19. Let x = 117 - 106. Let n be q(x). Suppose 2*f + 0*b = 5*b + 1020, 1513 = n*f + b. Is f a prime number?
False
Let w(x) = 6686*x - 2441. Is w(8) a composite number?
False
Let g = 729 - 727. Let v(z) = 3215*z**3 - 2*z**2 + 3*z - 1. Is v(g) a prime number?
True
Let l(k) = -7*k**2 + 4*k. Let n(q) = 49*q**2 - 14*q - 1. Let x(j) = 5*l(j) + n(j). Suppose 3*o - 5 = 4*p + 30, 2*o = -2*p. Is x(o) a prime number?
True
Let p = 442246 + -182423. Is p a composite number?
False
Suppose 5*v = -1267*f + 1262*f + 6796090, -3*f + 9514490 = 7*v. Is v a composite number?
False
Let l(z) be the first derivative of 3*z**2/2 - 63*z + 7. Let i be l(21). Suppose 4*f - 2*x - 1594 = i, -3*x = -2*f - 7*x + 782. Is f a prime number?
True
Let b(a) = -a**3 + 3*a**2 + 5*a - 4. Let c be b(4). Let v(m) = 12*m + 11549. Is v(c) a prime number?
True
Let d(h) be the first derivative of -95*h**2 + 119*h - 93. Is d(-9) prime?
False
Is (-421)/842*2*-10903 a prime number?
True
Suppose i + w + 817 = 0, 0*w = -w. Let s = 1252 + i. Suppose -3*l + 8*l = s. Is l a composite number?
True
Let a = 118825 + 79402. Is a a composite number?
True
Let r(w) = -w**2 - 10*w + 29. Let k be r(-9). Let z = -37 + k. Is (-5705)/28*-2*(z - -1) a prime number?
False
Suppose 454056 = 2*u - a, -3*u + 59*a - 62*a = -681093. Is u composite?
True
Let q(j) = 6*j**2 + 192*j + 2261. Is q(-122) composite?
False
Let j = 14774 + -6811. Is j a composite number?
False
Let n(q) = q**2 - 11*q - 9. Let o be n(-7). Let c = 119 - o. Suppose -3*b - t = -3830, -b - c*t - t = -1274. Is b composite?
False
Let l(o) = 8981*o**2 + 5*o + 31. Let y be l(5). Suppose 0 = 26*v - y - 472245. Is v composite?
False
Let x = -54 - -246. Suppose -199*a = -x*a - 16303. Is a composite?
True
Suppose -11179046 + 1336626 = -140*h. Is h composite?
True
Let x = 559 - 540. Let m(l) = 229*l - 122. Is m(x) a prime number?
True
Let v(f) be the first derivative of -5*f**4/2 - f**3 + f**2 + 16*f - 210. Is v(-9) composite?
True
Let a = 352 - 347. Suppose 4*h - 3*o - 12029 = 0, o + o - 15065 = -a*h. Is h a composite number?
False
Suppose 0 = -4*r + 3*w + 193, -r + 32 = w - 11. Let u = r + -46. Suppose -30*y + 27*y + 705 = u. Is y prime?
False
Let r(k) be the second derivative of 395*k**4/6 + k**2/2 - 57*k. Is r(-1) a prime number?
False
Let t = 187 - -116. Suppose -y - t + 7306 = 0. Is y prime?
False
Let r = -25 - 14. Let m = r - -45. Suppose -10*i + m*i = -5620. Is i prime?
False
Let f(m) = 1323*m - 50. Let c = -284 - -311. Is f(c) prime?
True
Suppose 4*a + 22 = r - a, 3*a = -12. Suppose 4*w + 3*k - 100367 = 0, 4*k = -w + r*k + 25088. Is w prime?
False
Suppose -27821144 + 25947931 = 531*d - 108154456. Is d a composite number?
False
Suppose 3*z - 14072 = -100*s + 98*s, -2*z = 4. Is s prime?
True
Let j = 86295 - 44486. Is j a prime number?
True
Suppose -v + 29 = 27. Suppose 0*k + 21 = 2*k + 3*i, 0 = -5*k + v*i + 5. Suppose k*l = 101 + 226. Is l a prime number?
True
Let f(s) = 6883*s**2 - 8*s - 19. Is f(4) a composite number?
True
Suppose -103*z - 45606 = -105*z. Suppose 3*n - 14*n = -z. Is n composite?
True
Let n(o) = -46*o + 326 - 400*o - 283. Is n(-3) a prime number?
True
Let n = -50 + 28. Let g be (-9)/((-99)/2) - 1888/n. Let s = 261 + g. Is s prime?
True
Let l(f) = 79*f**2 + 364*f - 15. Is l(22) a prime number?
True
Let z(v) = -v**3 - 5*v**2 - 8. Let s be z(-6). Let f = 1608 - s. Suppose -5*u + f = 5*n + 255, 12 = 4*u. Is n a composite number?
True
Suppose -5*x - 1439 = 5456. Suppose -5*j = 3*n - 6264, -2*j - 2*j = 0. Let b = n + x. Is b a prime number?
True
Let d = -4598 + -9404. Is (-34)/51 + d/(-6) prime?
True
Suppose -3*w = s - 11, w + 3*w = -s + 10. Is 899 - (5 + (1 - s)) a prime number?
True
Let y(s) = 85*s**2 + 91*s + 3089. Is y(-25) prime?
True
Suppose -2*n + 4*p + 30 = 0, -33 = p - 31. Suppose -i + 8015 = -n*c + 6*c, 3*i + 3*c = 24009. Is i a prime number?
False
Suppose -2*r = 4*s - 2522, -2*s - 6275 = -5*r + 3*s. Suppose -4*d + r = -d. Is d prime?
True
Suppose 5*d - 403207 = -7*d + 334877. Is d prime?
True
Let d(i) = 35754*i**2 - 12*i + 31. Is d(2) prime?
False
Let s = -190725 - -287984. Is s a composite number?
False
Let t = -51951 + 88244. Is t prime?
True
Let n(f) = f**3 + 5*f**2 - 8*f. Let r be n(-6). Suppose 2*s - 2 = r. Let x(u) = 3*u**3 - 4*u**2 + 7*u + 1. Is x(s) composite?
False
Suppose 40*i + 4*t - 22079 = 37*i, -5*t = 35. Is i a composite number?
False
Suppose 6*r - 27790 = 4*r - 4*p, -2*r = -5*p - 27736. Is r composite?
False
Suppose 4*z - 16 = -t + 112, 4*t = 0. Suppose -z*x = -340063 - 170241. Is x a prime number?
False
Let z(u) = 9*u - 19. Let d be z(8). Suppose 5*a + 52 = -d. Is (-34)/(-8)*-21*28/a prime?
False
Let g be ((-8)/5)/(2/(-10685)). Suppose -683 = -4*u - 3*c + 4256, 0 = 3*u - 2*c - 3683. Suppose 0 = 5*x - n - 7308, -4*n + u = -5*x + g. Is x composite?
True
Let o(z) = -410*z**3 + 10*z**2 + 28*z + 89. Is o(-